{"id":85,"date":"2014-07-01T18:57:22","date_gmt":"2014-07-01T18:57:22","guid":{"rendered":"http:\/\/funhabit.org.ec\/?page_id=85"},"modified":"2019-06-13T03:15:28","modified_gmt":"2019-06-13T03:15:28","slug":"sobre-voluntariado-coperantes-y-trabajo-con-la-fundacion","status":"publish","type":"page","link":"https:\/\/funhabit.org.ec\/?page_id=85","title":{"rendered":"INVOLUCRATE"},"content":{"rendered":"<p>Desde la creaci\u00f3n\u00a0de la fundaci\u00f3n hemos trabajo con la cooperaci\u00f3n de organizaciones y personas de alrededor de todo el mundo. El crecimiento personal y profesional de las partes ha sido siempre muy gratificante y por eso te invitamos a que conozcas sobre nuestro trabajo y te unas en la construcci\u00f3n de\u00a0un H\u00e1bitat Rural Integral en el Ecuador.<\/p>\n<p>Al mismo tiempo tienes la posibilidad de recorrer por nuestro maravilloso pa\u00eds, ya que nuestras oficinas en Pujil\u00ed se encuentras ubicadas en el centro del pa\u00eds desde donde te puedes dirigir a cualquier otro destino.<\/p>\n<p>&nbsp;<\/p>\n<p>No dudes en contactarnos para mayor informaci\u00f3n:<\/p>\n<p>@ :: info@funhabit.org.ec<\/p>\n<p>@ :: funhabit@andinanet.net<\/p>\n<p>T :: (593) 22958220<\/p>\n<p>Ubicanos en FACEBOOK<\/p>\n","protected":false},"excerpt":{"rendered":"<p>Desde la creaci\u00f3n\u00a0de la fundaci\u00f3n hemos trabajo con la cooperaci\u00f3n de organizaciones y personas de alrededor de todo el mundo. El crecimiento personal y profesional de las partes ha sido siempre muy gratificante y por eso te invitamos a que conozcas sobre nuestro trabajo y te unas en la construcci\u00f3n de\u00a0un H\u00e1bitat Rural Integral en [&hellip;]<\/p>\n","protected":false},"author":1,"featured_media":462,"parent":65,"menu_order":0,"comment_status":"closed","ping_status":"closed","template":"","meta":[],"_links":{"self":[{"href":"https:\/\/funhabit.org.ec\/index.php?rest_route=\/wp\/v2\/pages\/85"}],"collection":[{"href":"https:\/\/funhabit.org.ec\/index.php?rest_route=\/wp\/v2\/pages"}],"about":[{"href":"https:\/\/funhabit.org.ec\/index.php?rest_route=\/wp\/v2\/types\/page"}],"author":[{"embeddable":true,"href":"https:\/\/funhabit.org.ec\/index.php?rest_route=\/wp\/v2\/users\/1"}],"replies":[{"embeddable":true,"href":"https:\/\/funhabit.org.ec\/index.php?rest_route=%2Fwp%2Fv2%2Fcomments&post=85"}],"version-history":[{"count":7,"href":"https:\/\/funhabit.org.ec\/index.php?rest_route=\/wp\/v2\/pages\/85\/revisions"}],"predecessor-version":[{"id":992,"href":"https:\/\/funhabit.org.ec\/index.php?rest_route=\/wp\/v2\/pages\/85\/revisions\/992"}],"up":[{"embeddable":true,"href":"https:\/\/funhabit.org.ec\/index.php?rest_route=\/wp\/v2\/pages\/65"}],"wp:featuredmedia":[{"embeddable":true,"href":"https:\/\/funhabit.org.ec\/index.php?rest_route=\/wp\/v2\/media\/462"}],"wp:attachment":[{"href":"https:\/\/funhabit.org.ec\/index.php?rest_route=%2Fwp%2Fv2%2Fmedia&parent=85"}],"curies":[{"name":"wp","href":"https:\/\/api.w.org\/{rel}","templated":true}]}}